emainder when 2328523 is divided by 421?
393
Calculate the remainder when 110300026 is divided by 59.
57
Calculate the remainder when 55157 is divided by 644.
417
What is the remainder when 8704386 is divided by 709?
702
Calculate the remainder when 136759 is divided by 15189.
58
What is the remainder when 7561 is divided by 1127?
799
Calculate the remainder when 3242751 is divided by 1232.
127
Calculate the remainder when 93451 is divided by 687.
19
Calculate the remainder when 1528947 is divided by 509.
420
Calculate the remainder when 5701609 is divided by 570159.
19
What is the remainder when 8763236 is divided by 709?
705
Calculate the remainder when 615549 is divided by 583.
484
Calculate the remainder when 3219291 is divided by 48049.
8
What is the remainder when 13436656 is divided by 17?
9
What is the remainder when 73893290 is divided by 14778656?
10
Calculate the remainder when 759647769 is divided by 70.
69
Calculate the remainder when 708075 is divided by 468.
459
What is the remainder when 59628886 is divided by 757?
753
Calculate the remainder when 571029 is divided by 44.
41
Calculate the remainder when 12150215 is divided by 4050067.
14
Calculate the remainder when 88733584 is divided by 1281.
1276
What is the remainder when 268513 is divided by 834?
799
What is the remainder when 16325563 is divided by 152?
3
What is the remainder when 1011284 is divided by 12339?
11825
Calculate the remainder when 9054 is divided by 1983.
1122
What is the remainder when 88312264 is divided by 37?
35
Calculate the remainder when 19192826 is divided by 244.
30
Calculate the remainder when 49931505 is divided by 206.
195
Calculate the remainder when 54100283 is divided by 3005569.
41
Calculate the remainder when 34665042 is divided by 20119.
5
What is the remainder when 201263 is divided by 198576?
2687
What is the remainder when 19304623 is divided by 375?
373
Calculate the remainder when 1175809854 is divided by 16.
14
Calculate the remainder when 2644851 is divided by 655.
616
Calculate the remainder when 15760 is divided by 142.
140
What is the remainder when 737709 is divided by 12?
9
What is the remainder when 19680553 is divided by 2186723?
46
Calculate the remainder when 379298 is divided by 580.
558
What is the remainder when 7181475 is divided by 3590678?
119
What is the remainder when 137783 is divided by 68065?
1653
Calculate the remainder when 361108 is divided by 271.
136
What is the remainder when 2626268 is divided by 1658?
1654
Calculate the remainder when 12038965 is divided by 926073.
16
Calculate the remainder when 149263 is divided by 7461.
43
Calculate the remainder when 935127 is divided by 151.
135
What is the remainder when 209815 is divided by 82?
59
Calculate the remainder when 27032350 is divided by 7.
2
Calculate the remainder when 259116 is divided by 398.
18
Calculate the remainder when 19092891 is divided by 3818561.
86
What is the remainder when 121080 is divided by 24?
0
What is the remainder when 136455 is divided by 39?
33
What is the remainder when 999614 is divided by 1874?
772
What is the remainder when 103812 is divided by 4298?
660
Calculate the remainder when 47789193 is divided by 592.
585
What is the remainder when 130679697 is divided by 63?
57
Calculate the remainder when 384168 is divided by 192076.
16
Calculate the remainder when 893410 is divided by 609.
7
Calculate the remainder when 347402 is divided by 695.
597
What is the remainder when 63973 is divided by 9102?
259
What is the remainder when 39613320 is divided by 4951665?
0
Calculate the remainder when 40075 is divided by 1181.
1102
Calculate the remainder when 20732766 is divided by 5367.
45
What is the remainder when 63533 is divided by 3344?
3341
Calculate the remainder when 310481 is divided by 2960.
2641
Calculate the remainder when 35908321 is divided by 49055.
61
What is the remainder when 2395924 is divided by 75?
49
Calculate the remainder when 2750746 is divided by 35.
26
What is the remainder when 23329047 is divided by 930?
927
Calculate the remainder when 26364980 is divided by 63.
47
Calculate the remainder when 550140 is divided by 4104.
204
Calculate the remainder when 76320 is divided by 357.
279
Calculate the remainder when 55806060 is divided by 26.
24
Calculate the remainder when 1931985 is divided by 57.
27
What is the remainder when 176957 is divided by 162?
53
What is the remainder when 945857 is divided by 189165?
32
What is the remainder when 660665 is divided by 339?
293
Calculate the remainder when 30423540 is divided by 295374.
18
What is the remainder when 50165 is divided by 753?
467
Calculate the remainder when 381649 is divided by 1004.
129
What is the remainder when 112584 is divided by 423?
66
What is the remainder when 8213620 is divided by 2235?
2230
What is the remainder when 372334 is divided by 23238?
526
Calculate the remainder when 42619976 is divided by 2705.
2701
What is the remainder when 1165078 is divided by 665?
663
What is the remainder when 649381 is divided by 4029?
712
What is the remainder when 65696 is divided by 1203?
734
What is the remainder when 78210129 is divided by 7293?
7290
Calculate the remainder when 196578 is divided by 468.
18
Calculate the remainder when 214901 is divided by 107443.
15
What is the remainder when 10524550 is divided by 1350?
1300
Calculate the remainder when 1589261 is divided by 397309.
25
What is the remainder when 452940 is divided by 3306?
18
Calculate the remainder when 17587151 is divided by 205.
201
What is the remainder when 5059064 is divided by 2529529?
6
Calculate the remainder when 25813233 is divided by 459.
450
Calculate the remainder when 415043 is divided by 883.
33
Calculate the remainder when 521915 is divided by 521895.
20
Calculate the remainder when 678580 is divided by 35702.
242
Calculate the remainder when 541887 is divided by 270938.
11
What is the remainder when 583897 is divided by 20?
17
What is the remainder when 6438752 is divided by 306607?
5
What is the remainder when 4018697 is divided by 8135?
7
Calculate the remainder when 7703439 is divided by 2424.
2391
What is the remainder when 2561154 is divided by 853713?
15
What is the remainder when 10231 is divided by 1294?
1173
What is the remainder when 7505022 is divided by 302?
20
Calculate the remainder when 28007523 is divided by 3716.
31
Calculate the remainder when 1825517 is divided by 336.
29
Calculate the remainder when 51483979 is divided by 788.
787
Calculate the remainder when 1681127 is divided by 78.
71
What is the remainder when 1607461 is divided by 321490?
11
Calculate the remainder when 697744 is divided by 70.
54
What is the remainder when 159910 is divided by 367?
265
Calculate the remainder when 44704 is divided by 44386.
318
What is the remainder when 749547184 is divided by 43?
37
What is the remainder when 10376872 is divided by 96?
40
Calculate the remainder when 6706 is divided by 1628.
194
What is the remainder when 14972999 is divided by 2199?
8
Calculate the remainder when 24283455 is divided by 19.
11
Calculate the remainder when 96623410 is divided by 746.
744
What is the remainder when 1856003 is divided by 53?
49
What is the remainder when 16829103 is divided by 4207275?
3
Calculate the remainder when 495002 is divided by 6436.
5866
What is the remainder when 177706558 is divided by 370?
368
What is the remainder when 397714 is divided by 99426?
10
What is the remainder when 70506 is divided by 1022?
1010
Calculate the remainder when 133807 is divided by 7869.
34
What is the remainder when 4462187 is divided by 557771?
19
Calculate the remainder when 16860955 is divided by 8430474.
7
Calculate the remainder when 13831 is divided by 1651.
623
What is the remainder when 143264 is divided by 1558?
1486
Calculate the remainder when 1428799 is divided by 1260.
1219
What is the remainder when 111095683 is divided by 45?
43
What is the remainder when 907700 is divided by 13143?
833
Calculate the remainder when 24107238 is divided by 460.
18
What is the remainder when 1799853 is divided by 85707?
6
What is the remainder when 1089975 is divided by 155687?
166
Calculate the remainder when 1769453 is divided by 900.
53
What is the remainder when 4289547 